Let b be g(-11). Suppose -68 = -b*n - 0*n. What is the remainder when 66 is divided by n?
15
Suppose -2*i = 2*j - 42, j + 15 = 2*j - 2*i. Let q = 7 - 0. Calculate the remainder when j is divided by q.
5
Suppose -11 = -2*c + x, -2*c = -c + 4*x + 8. Let q = 30 + -2. Suppose -c*n + 0 = -q. Calculate the remainder when 19 is divided by n.
5
Suppose 6*b - 21 - 9 = 0. What is the remainder when 22 is divided by b?
2
Let c(h) = -42*h + 1. Let u be c(-2). Let x = u + -53. What is the remainder when 125 is divided by x?
29
Suppose 0 = 4*j - 3 - 17. Suppose 2*r - 5*r + 27 = 0. Calculate the remainder when r is divided by j.
4
Suppose 31 - 19 = 4*k. Suppose 43 = 5*a - 4*c, 2*a - 3*c = -4*c + 12. Calculate the remainder when a is divided by k.
1
Let h = -219 - -115. Let c = h - -148. Calculate the remainder when c is divided by 15.
14
Suppose 2*p - 114 = -5*j, -4*p - 2*j + 34 = -178. Calculate the remainder when p is divided by 18.
16
Let a(u) = 2*u**2 - 2*u - 2. Calculate the remainder when 62 is divided by a(-3).
18
Suppose 3*a - a = 0. Suppose a*s + 4*s = 8. Suppose -s*l + 60 = l. What is the remainder when l is divided by 11?
9
Let r = -25 - -34. What is the remainder when 52 is divided by r?
7
Let y(w) = w + w**2 + 3*w**2 + 2*w - 4*w - 2. Calculate the remainder when y(3) is divided by 8.
7
Let w be 15/(-6)*(-1 - 1). Suppose 0 = -w*z + 7*z + 2. What is the remainder when ((-50)/30)/(z/21) is divided by 12?
11
Suppose -5*n + 2*a = 549, 337 = -3*n - 2*a + 7*a. Suppose 0 = -t - 143 - 11. Let g = n - t. Calculate the remainder when g is divided by 12.
9
Let p(z) = -z**2 + 5*z - 4. Let k be p(4). Suppose -t = -k*t - 4. What is the remainder when t is divided by 2?
0
Let p(y) = -y**3 + 10*y**2 - 5*y + 16. Calculate the remainder when p(9) is divided by 27.
25
Suppose -11 = -88*s + 87*s. Calculate the remainder when s is divided by 0 - -6 - (0 - 0).
5
Let s = 34 + -24. Suppose -u - 2*u + 51 = 0. What is the remainder when u is divided by s?
7
Let x = 25 + -25. Suppose 4*u = -x*u + 128. What is the remainder when u is divided by 11?
10
Let b be 4*((-26)/8 + 1). Let k be 0 + -2*(-8 - 0). Let c = b + k. Calculate the remainder when 18 is divided by c.
4
Let s = -1 - -4. Suppose -3*q = q - 2*t + 22, -3*q - 5*t = -s. Let a(c) = c**2 + 3*c + 2. Calculate the remainder when 17 is divided by a(q).
5
What is the remainder when 21 is divided by 1/2*2*-1 + 15?
7
Suppose -4*v - 44 = -3*t, t - 4 = -5*v - 2. Suppose -c = c - t. Suppose -4*z = -c - 2. Calculate the remainder when 5 is divided by z.
1
Let i(h) = -3*h. Let a be 2*-1 - (2 - 3). What is the remainder when i(a) is divided by ((-18)/24)/(3/(-8))?
1
Let f(a) = a**2 - 12*a - 29. What is the remainder when 29 is divided by f(15)?
13
Let u(g) = -g**2 - 3*g + 6. What is the remainder when u(-4) is divided by 1?
0
Let x = 131 + 49. Calculate the remainder when x is divided by 23.
19
Suppose -4*l = -l. Let i = 5 - l. Suppose 3*y + 3*j = 9, -3*y - i*j + 10*j = 7. What is the remainder when 1 is divided by y?
0
Calculate the remainder when 17 is divided by -30*5/15*-1.
7
Suppose 4*z - 153 + 61 = 0. Suppose -28 = -5*x - 8. Suppose -67 + 247 = x*p. What is the remainder when p is divided by z?
22
Let y(o) = o**2 + 2*o + 1. Let t be y(-3). Suppose -9*b = -t*b - 265. What is the remainder when b is divided by 14?
11
Let a(p) = p**2 + 7*p + 3. Calculate the remainder when 13 is divided by a(-7).
1
Let k = 56 + 7. What is the remainder when k is divided by 13?
11
Suppose -2*k = -2*y + k + 20, 0 = k - 2. What is the remainder when 39 is divided by y?
0
Let o = 12 - 2. Let g be -2*15/(-6) + -1. Suppose 6*z - g*z = 56. Calculate the remainder when z is divided by o.
8
Suppose -3*i + 72 = 3*l - 6*i, -2*l = -i - 53. Calculate the remainder when l is divided by 8.
5
Suppose -p - l + 48 = 0, 0 = 5*p + 3*l - 42 - 204. What is the remainder when 302 is divided by p?
47
Let c = 226 + -153. What is the remainder when c is divided by 25?
23
Let x be 4/2 + (2 - 2). Suppose 2*g = -2*a + 56, -4*a - 3*g + x*g = -97. Let f(b) = b + 3. Calculate the remainder when a is divided by f(5).
7
Let t be (-6)/(-2) + 135/(-3). Let s = t - -71. Calculate the remainder when s is divided by 16.
13
What is the remainder when 9 is divided by 12 + (0 - 3) + -4?
4
Let q(i) = i**3 + 7*i**2 + 20. What is the remainder when q(-6) is divided by 21?
14
Let t = -30 - -26. Let a = t - -8. Calculate the remainder when 4 is divided by a.
0
Let u be 10 + ((-6)/(-3) - 2). Suppose -u = 3*w + 2*f - 37, w = f + 14. What is the remainder when 21 is divided by w?
10
Let a(i) = i**3 - 15*i**2 + 16*i - 15. What is the remainder when 103 is divided by a(14)?
12
Let u = -18 + 43. Let i be (-1 + 6)*9/(-15). Calculate the remainder when u is divided by (i/(-2))/((-9)/(-78)).
12
What is the remainder when 4 - (-2)/((-2)/(-13)) is divided by 7?
3
Let h = -76 + 119. What is the remainder when h is divided by 15?
13
Let m = 1 - 1. Let j be 1*(4 - 1) - m. Suppose -j*r + 27 = 3. What is the remainder when 15 is divided by r?
7
Let m be ((0/(-2))/(-4))/1. Suppose -4*r + 0*r + 52 = m. Calculate the remainder when r is divided by -2 + 2 + 1 + 6.
6
Let j be (2/(-7))/((-1)/7). Let d be (-2)/4*(-8)/2. What is the remainder when (-3 - -7) + (j - d) is divided by 3?
1
Let d = -52 - -95. What is the remainder when d is divided by 14?
1
Let d be (-20)/(-28) - (-4)/14. Let j = 0 + d. Calculate the remainder when 2 + -1 + j + 26 is divided by 10.
8
Calculate the remainder when ((-190)/(-15))/(2/9) is divided by 20.
17
Let g = 51 + -10. What is the remainder when g is divided by 11?
8
Let f = 30 - -55. Let a(b) = 5*b + 2. What is the remainder when f is divided by a(4)?
19
Suppose 63*h - 60*h - 51 = 0. Let l = 109 - 60. Calculate the remainder when l is divided by h.
15
What is the remainder when ((-1780)/(-8))/5*2 is divided by 30?
29
Let i(s) = -16*s + 1. Suppose -b + 5 = -5*u, 6*b - 3*b = -4*u - 4. What is the remainder when i(u) is divided by 5?
2
Let w = -10 - -86. Suppose 21 = -5*m + w. Calculate the remainder when 31 is divided by m.
9
Let t = 26 + -49. Let l = t + 34. What is the remainder when ((-62)/(-4))/((-1)/(-2)) is divided by l?
9
Let q(t) = t + t**2 - 5*t + t - 3. Calculate the remainder when q(5) is divided by 2.
1
Let s = 6 + -3. Let y = 8 - s. Calculate the remainder when 16 is divided by y.
1
Suppose -5*l - 51 = -q - 2*q, -2*l + 18 = 2*q. Calculate the remainder when 46 is divided by q.
10
Suppose y + 3*y = -5*z + 77, -2*y + 2*z + 52 = 0. What is the remainder when y is divided by (-76)/(-6) + 4/(-6)?
11
Let p = -59 - -63. Calculate the remainder when 5 is divided by p.
1
Suppose 0 - 5 = -5*z. Suppose z = 3*t - 47. Suppose 3*f = -2*i + 6*f + 21, -5*f - 5 = 0. What is the remainder when t is divided by i?
7
Calculate the remainder when 40 is divided by (-3 - -3) + (-1)/((-2)/12).
4
Let g(w) = -w**3 + 2*w**2 - 2*w + 1. Let m be g(1). Suppose -5*z + 40 + 65 = m. What is the remainder when 39 is divided by z?
18
Let z = 24 - 11. Suppose -5*n = -3*k + 1, 6 = 3*n + 3*k - 3. Calculate the remainder when z is divided by 5*n - (3 + -3).
3
Suppose -3*b + 7*b = 184. What is the remainder when b is divided by 12?
10
Calculate the remainder when 101 is divided by 52/(-24)*-2*6.
23
Suppose 33 = 5*v - 2*w - 28, -5*v - 4*w = -43. Calculate the remainder when 30 is divided by v.
8
Let z be 0 + 1 + -7 - 2. Let d = 6 - 1. Calculate the remainder when (-6 + 7)/((-1)/z) is divided by d.
3
Let w be 4/(2*(-2)/8). What is the remainder when 194/4 - w/16 is divided by 10?
9
Suppose 5*y - 44 = -2*a + 11, 80 = 5*y - 3*a. Suppose -f + 3*j + y = 4*j, -3*f - j + 37 = 0. What is the remainder when 21 is divided by f?
9
Suppose 0 = 5*u + 3 - 13. Suppose -f = h, -8*f - 10 = -3*f. What is the remainder when u is divided by h?
0
Let i = 126 + -81. What is the remainder when i is divided by 28?
17
What is the remainder when 174 is divided by 2/(-4) - (-213)/6?
34
Suppose 0 = 3*x - 5*x. Suppose c - 37 = -2*q, x = -c + q + 4 + 21. What is the remainder when c is divided by 16?
13
Suppose -10 = -4*d + 54. Calculate the remainder when 50 is divided by d.
2
Let d = -19 + 21. Suppose 2*s + d*s = -o + 25, 0 = 5*o - 2*s - 125. Calculate the remainder when 73 is divided by o.
23
Suppose 5*l + 0*l = 170. Calculate the r